{"id":2982,"date":"2025-01-03T21:04:39","date_gmt":"2025-01-03T20:04:39","guid":{"rendered":"http:\/\/talia-fashion.pl\/?page_id=2982"},"modified":"2025-08-23T12:15:43","modified_gmt":"2025-08-23T10:15:43","slug":"nasze-wartosci","status":"publish","type":"page","link":"https:\/\/talia-fashion.pl\/en\/nasze-wartosci\/","title":{"rendered":"Our values"},"content":{"rendered":"<div data-elementor-type=\"wp-post\" data-elementor-id=\"2982\" class=\"elementor elementor-2982\" data-elementor-post-type=\"page\">\n\t\t\t\t<div class=\"elementor-element elementor-element-6afb04c e-con-full e-flex e-con e-parent\" data-id=\"6afb04c\" data-element_type=\"container\" data-settings=\"{&quot;background_background&quot;:&quot;classic&quot;}\">\n\t\t\t\t<\/div>\n\t\t<div class=\"elementor-element elementor-element-cc18378 e-con-full e-flex e-con e-parent\" data-id=\"cc18378\" data-element_type=\"container\">\n\t\t<div class=\"elementor-element elementor-element-6b6f0a1 e-con-full e-flex e-con e-child\" data-id=\"6b6f0a1\" data-element_type=\"container\">\n\t\t\t\t<div class=\"elementor-element elementor-element-8f80cfe elementor-widget elementor-widget-text-editor\" data-id=\"8f80cfe\" data-element_type=\"widget\" data-widget_type=\"text-editor.default\">\n\t\t\t\t<div class=\"elementor-widget-container\">\n\t\t\t\t\t\t\t\t\t<p><strong>NASZE WARTO\u015aCI<\/strong><\/p><p>Gdy moi Rodzice zak\u0142adali Pracowni\u0119 37 lata temu nie wiedzieli, co przyniesie przysz\u0142o\u015b\u0107 i z jakimi zmianami kulturowymi, gospodarczymi i historycznymi przyjdzie im si\u0119 zmierzy\u0107. Wtedy chcieli projektowa\u0107 i wytwarza\u0107 kolorowe, ciekawe w formie i wygodne ubrania, kt\u00f3rych wszystkim brakowa\u0142o. Rodzice zawsze uznawali si\u0119 za prawdziwych rzemie\u015blnik\u00f3w, kt\u00f3rych fascynowa\u0142y ubrania unikatowe, z charakterem, r\u0119cznie szyte. Ponad wszystko jednak rzetelnie wykonane, z zachowaniem prawide\u0142 sztuki krawieckiej, tradycyjnymi, pracoch\u0142onnymi metodami i mn\u00f3stwem w\u0142o\u017conego serca, a jednocze\u015bnie w spos\u00f3b przyjazny \u015brodowisku. Dlatego te\u017c, w naszej Pracowni nie ma drogi na skr\u00f3ty i ka\u017cdy nasz p\u0142aszcz to rzemie\u015blnicza pere\u0142ka, dzie\u0142o naszych r\u0105k. Podchodzimy indywidualnie do ka\u017cdego produktu, zaczynaj\u0105c od r\u0119cznie uk\u0142adanego wykroju, by powsta\u0142 jak najmniejszy odpad, a ko\u0144cz\u0105c na ostatecznym dopieszczeniu produktu poprzez r\u0119czne przyszywanie guzik\u00f3w czy aplikacji.<\/p><p>Zatem kiedy zadajecie sobie pytanie: Kto uszy\u0142 m\u00f3j p\u0142aszcz, moje ubranie? (<strong>Who Made My clothes?<\/strong>) Pami\u0119tajcie: Uszyli\u015bmy go dla Was i z my\u015bl\u0105 o Was i w\u0142o\u017cyli\u015bmy w niego ca\u0142e nasze serce.<\/p><p>Wszystkie nasze p\u0142aszcze i kurtki, od projektu do gotowego wyrobu, powstaj\u0105 w naszej pracowni w Poznaniu \u2013 w naszym drugim domu \u2013 w przyjaznych i godnych warunkach w zgodzie z zasadami Fair Trade. I jeste\u015bmy z tego bardzo dumni. Jak inaczej mogliby\u015bmy kocha\u0107 nasze p\u0142aszcze i oczekiwa\u0107, i\u017c Wy je pokochacie? Dobra energia wraca.<\/p><p>Pocz\u0105wszy od produkcji, a\u00a0sko\u0144czywszy na dostawie, od pocz\u0105tku istnienia Pracowni, dzia\u0142amy przejrzy\u015bcie i zgodnie z zasadami zr\u00f3wnowa\u017conego rozwoju. Znamy naszych dostawc\u00f3w, wspieramy lokalne firmy i promujemy rodzime rzemios\u0142o. Szyjemy ze starannie przez nas wyselekcjonowanych materia\u0142\u00f3w pochodz\u0105cych ze zr\u00f3wnowa\u017conej i przyjaznej \u015brodowisku produkcji. <br \/>W naszej Pracowni wykorzystujemy ka\u017cdy skrawek materia\u0142u. Zgodnie z zasad\u0105 Less Waste \u2013 u nas nic si\u0119 nie marnuje lub dostaje drugie \u017cycie.<\/p><p>U nas nawet wysy\u0142ka p\u0142aszczy do naszych Klient\u00f3w nie odbywa si\u0119 przez anonimowe centra logistyki. Tak \u2013 wysy\u0142k\u0105 zajmujemy si\u0119 sami. Opakowanie \u2013 wiemy jak marketingowo wa\u017cne jest \u015bliczne opakowanie i cz\u0119sto zastanawiali\u015bmy si\u0119 nad tym, by wprowadzi\u0107 pi\u0119kne opakowania, by ju\u017c sam proces odpakowywania by\u0142 g\u0142\u0119bokim doznaniem estetycznym. Celowo jednak, wszystkie nasze opakowania s\u0105 z drugiego obiegu lub z recyclingu, bez zb\u0119dnych wype\u0142niaczy, ozd\u00f3b i nadruk\u00f3w \u2013 nie chcemy zwi\u0119ksza\u0107 wycinki drzew i zu\u017cycia chemikali\u00f3w, kiedy mo\u017cna z powodzeniem wykorzysta\u0107 to, co zosta\u0142o ju\u017c wyprodukowane. Mamy nadziej\u0119, \u017ce to zrozumiecie. <br \/>W Talii wierzymy, \u017ce najwa\u017cniejszy jest Klient, jego oczekiwania oraz bezpo\u015bredni kontakt z nim. W\u0142a\u015bnie dlatego Rodzicom nie zale\u017ca\u0142o na powi\u0119kszaniu Pracowni i stracie indywidualnego kontaktu z Klientem. Rodzinny charakter naszej Pracowni jest jedn\u0105 z najwa\u017cniejszych zalet i do\u0142o\u017c\u0119 wszelkich stara\u0144, by utrzyma\u0107 budowany przez lata charakter i klimat. <br \/>Zawsze kierowali\u015bmy si\u0119 zasadami moralnymi i\u00a0etycznymi, kt\u00f3re s\u0105 dla nas bardzo wa\u017cne. Dzi\u0119ki temu uda\u0142o nam si\u0119 przetrwa\u0107 czasy, gdy rzemios\u0142o powoli odchodzi\u0142o w niebyt, jeden po drugim zamyka\u0142y si\u0119 lokalne zak\u0142ady i pracownie, a wsz\u0119dzie zago\u015bci\u0142a ta\u015bmowa i zautomatyzowana produkcja.<\/p><p>Dzi\u0119kujemy, \u017ce jeste\u015bcie z nami i tak jak my cenicie prac\u0119 ludzkich r\u0105k. Naszym zdaniem jest ona wa\u017cna i nadaje produktom wyj\u0105tkowy charakter. A teraz dzi\u0119ki Internetowi mo\u017cemy dzieli\u0107 si\u0119 nasz\u0105 pasj\u0105, kt\u00f3r\u0105 s\u0105 p\u0142aszcze, z szersz\u0105 publiczno\u015bci\u0105, zar\u00f3wno w Polsce, jak i za granic\u0105. Promuj\u0105c tym samym polskie tradycyjne rzemios\u0142o i maj\u0105c nadziej\u0119, \u017ce kolejne pokolenia tak, jak my pokochaj\u0105 dzie\u0142a ludzkich r\u0105k.<\/p>\t\t\t\t\t\t\t\t<\/div>\n\t\t\t\t<\/div>\n\t\t\t\t<\/div>\n\t\t\t\t<\/div>\n\t\t\t\t<\/div>","protected":false},"excerpt":{"rendered":"<p>NASZE WARTO\u015aCI Gdy moi Rodzice zak\u0142adali Pracowni\u0119 37 lata temu nie wiedzieli, co przyniesie przysz\u0142o\u015b\u0107 i z jakimi zmianami kulturowymi, gospodarczymi i&hellip;<\/p>","protected":false},"author":1,"featured_media":0,"parent":0,"menu_order":0,"comment_status":"closed","ping_status":"closed","template":"elementor_header_footer","meta":{"_acf_changed":false,"footnotes":""},"class_list":["post-2982","page","type-page","status-publish","hentry"],"acf":[],"yoast_head":"<!-- This site is optimized with the Yoast SEO plugin v25.7 - https:\/\/yoast.com\/wordpress\/plugins\/seo\/ -->\n<title>Nasze warto\u015bci - Talia Fashion - zr\u00f3wnowa\u017cony rozw\u00f3j i \u015bwiadoma moda<\/title>\n<meta name=\"description\" content=\"Nasze warto\u015bci - wszystkie p\u0142aszcze powstaj\u0105 w naszym rodzinnym zak\u0142adzie krawieckim, w spos\u00f3b przyjazny dla \u015brodowiska. Zr\u00f3wnowa\u017cona moda.\" \/>\n<meta name=\"robots\" content=\"index, follow, max-snippet:-1, max-image-preview:large, max-video-preview:-1\" \/>\n<link rel=\"canonical\" href=\"https:\/\/talia-fashion.pl\/en\/nasze-wartosci\/\" \/>\n<meta property=\"og:locale\" content=\"en_GB\" \/>\n<meta property=\"og:type\" content=\"article\" \/>\n<meta property=\"og:title\" content=\"Nasze warto\u015bci - Talia Fashion - zr\u00f3wnowa\u017cony rozw\u00f3j i \u015bwiadoma moda\" \/>\n<meta property=\"og:description\" content=\"Nasze warto\u015bci - wszystkie p\u0142aszcze powstaj\u0105 w naszym rodzinnym zak\u0142adzie krawieckim, w spos\u00f3b przyjazny dla \u015brodowiska. Zr\u00f3wnowa\u017cona moda.\" \/>\n<meta property=\"og:url\" content=\"https:\/\/talia-fashion.pl\/en\/nasze-wartosci\/\" \/>\n<meta property=\"og:site_name\" content=\"Talia Fashion\" \/>\n<meta property=\"article:modified_time\" content=\"2025-08-23T10:15:43+00:00\" \/>\n<meta name=\"twitter:card\" content=\"summary_large_image\" \/>\n<meta name=\"twitter:label1\" content=\"Estimated reading time\" \/>\n\t<meta name=\"twitter:data1\" content=\"3 minutes\" \/>\n<script type=\"application\/ld+json\" class=\"yoast-schema-graph\">{\"@context\":\"https:\/\/schema.org\",\"@graph\":[{\"@type\":\"WebPage\",\"@id\":\"https:\/\/talia-fashion.pl\/nasze-wartosci\/\",\"url\":\"https:\/\/talia-fashion.pl\/nasze-wartosci\/\",\"name\":\"Nasze warto\u015bci - Talia Fashion - zr\u00f3wnowa\u017cony rozw\u00f3j i \u015bwiadoma moda\",\"isPartOf\":{\"@id\":\"https:\/\/talia-fashion.pl\/#website\"},\"datePublished\":\"2025-01-03T20:04:39+00:00\",\"dateModified\":\"2025-08-23T10:15:43+00:00\",\"description\":\"Nasze warto\u015bci - wszystkie p\u0142aszcze powstaj\u0105 w naszym rodzinnym zak\u0142adzie krawieckim, w spos\u00f3b przyjazny dla \u015brodowiska. Zr\u00f3wnowa\u017cona moda.\",\"breadcrumb\":{\"@id\":\"https:\/\/talia-fashion.pl\/nasze-wartosci\/#breadcrumb\"},\"inLanguage\":\"en-GB\",\"potentialAction\":[{\"@type\":\"ReadAction\",\"target\":[\"https:\/\/talia-fashion.pl\/nasze-wartosci\/\"]}]},{\"@type\":\"BreadcrumbList\",\"@id\":\"https:\/\/talia-fashion.pl\/nasze-wartosci\/#breadcrumb\",\"itemListElement\":[{\"@type\":\"ListItem\",\"position\":1,\"name\":\"Strona g\u0142\u00f3wna\",\"item\":\"https:\/\/talia-fashion.pl\/\"},{\"@type\":\"ListItem\",\"position\":2,\"name\":\"Nasze warto\u015bci\"}]},{\"@type\":\"WebSite\",\"@id\":\"https:\/\/talia-fashion.pl\/#website\",\"url\":\"https:\/\/talia-fashion.pl\/\",\"name\":\"Talia Fashion\",\"description\":\"\",\"potentialAction\":[{\"@type\":\"SearchAction\",\"target\":{\"@type\":\"EntryPoint\",\"urlTemplate\":\"https:\/\/talia-fashion.pl\/?s={search_term_string}\"},\"query-input\":{\"@type\":\"PropertyValueSpecification\",\"valueRequired\":true,\"valueName\":\"search_term_string\"}}],\"inLanguage\":\"en-GB\"}]}<\/script>\n<!-- \/ Yoast SEO plugin. -->","yoast_head_json":{"title":"Nasze warto\u015bci - Talia Fashion - zr\u00f3wnowa\u017cony rozw\u00f3j i \u015bwiadoma moda","description":"Nasze warto\u015bci - wszystkie p\u0142aszcze powstaj\u0105 w naszym rodzinnym zak\u0142adzie krawieckim, w spos\u00f3b przyjazny dla \u015brodowiska. Zr\u00f3wnowa\u017cona moda.","robots":{"index":"index","follow":"follow","max-snippet":"max-snippet:-1","max-image-preview":"max-image-preview:large","max-video-preview":"max-video-preview:-1"},"canonical":"https:\/\/talia-fashion.pl\/en\/nasze-wartosci\/","og_locale":"en_GB","og_type":"article","og_title":"Nasze warto\u015bci - Talia Fashion - zr\u00f3wnowa\u017cony rozw\u00f3j i \u015bwiadoma moda","og_description":"Nasze warto\u015bci - wszystkie p\u0142aszcze powstaj\u0105 w naszym rodzinnym zak\u0142adzie krawieckim, w spos\u00f3b przyjazny dla \u015brodowiska. Zr\u00f3wnowa\u017cona moda.","og_url":"https:\/\/talia-fashion.pl\/en\/nasze-wartosci\/","og_site_name":"Talia Fashion","article_modified_time":"2025-08-23T10:15:43+00:00","twitter_card":"summary_large_image","twitter_misc":{"Estimated reading time":"3 minutes"},"schema":{"@context":"https:\/\/schema.org","@graph":[{"@type":"WebPage","@id":"https:\/\/talia-fashion.pl\/nasze-wartosci\/","url":"https:\/\/talia-fashion.pl\/nasze-wartosci\/","name":"Nasze warto\u015bci - Talia Fashion - zr\u00f3wnowa\u017cony rozw\u00f3j i \u015bwiadoma moda","isPartOf":{"@id":"https:\/\/talia-fashion.pl\/#website"},"datePublished":"2025-01-03T20:04:39+00:00","dateModified":"2025-08-23T10:15:43+00:00","description":"Nasze warto\u015bci - wszystkie p\u0142aszcze powstaj\u0105 w naszym rodzinnym zak\u0142adzie krawieckim, w spos\u00f3b przyjazny dla \u015brodowiska. Zr\u00f3wnowa\u017cona moda.","breadcrumb":{"@id":"https:\/\/talia-fashion.pl\/nasze-wartosci\/#breadcrumb"},"inLanguage":"en-GB","potentialAction":[{"@type":"ReadAction","target":["https:\/\/talia-fashion.pl\/nasze-wartosci\/"]}]},{"@type":"BreadcrumbList","@id":"https:\/\/talia-fashion.pl\/nasze-wartosci\/#breadcrumb","itemListElement":[{"@type":"ListItem","position":1,"name":"Strona g\u0142\u00f3wna","item":"https:\/\/talia-fashion.pl\/"},{"@type":"ListItem","position":2,"name":"Nasze warto\u015bci"}]},{"@type":"WebSite","@id":"https:\/\/talia-fashion.pl\/#website","url":"https:\/\/talia-fashion.pl\/","name":"Talia Fashion","description":"","potentialAction":[{"@type":"SearchAction","target":{"@type":"EntryPoint","urlTemplate":"https:\/\/talia-fashion.pl\/?s={search_term_string}"},"query-input":{"@type":"PropertyValueSpecification","valueRequired":true,"valueName":"search_term_string"}}],"inLanguage":"en-GB"}]}},"_links":{"self":[{"href":"https:\/\/talia-fashion.pl\/en\/wp-json\/wp\/v2\/pages\/2982","targetHints":{"allow":["GET"]}}],"collection":[{"href":"https:\/\/talia-fashion.pl\/en\/wp-json\/wp\/v2\/pages"}],"about":[{"href":"https:\/\/talia-fashion.pl\/en\/wp-json\/wp\/v2\/types\/page"}],"author":[{"embeddable":true,"href":"https:\/\/talia-fashion.pl\/en\/wp-json\/wp\/v2\/users\/1"}],"replies":[{"embeddable":true,"href":"https:\/\/talia-fashion.pl\/en\/wp-json\/wp\/v2\/comments?post=2982"}],"version-history":[{"count":0,"href":"https:\/\/talia-fashion.pl\/en\/wp-json\/wp\/v2\/pages\/2982\/revisions"}],"wp:attachment":[{"href":"https:\/\/talia-fashion.pl\/en\/wp-json\/wp\/v2\/media?parent=2982"}],"curies":[{"name":"wp","href":"https:\/\/api.w.org\/{rel}","templated":true}]}}

<div data-elementor-type="wp-post" data-elementor-id="2982" class="elementor elementor-2982" data-elementor-post-type="page">
				<div class="elementor-element elementor-element-6afb04c e-con-full e-flex e-con e-parent" data-id="6afb04c" data-element_type="container" data-settings="{&quot;background_background&quot;:&quot;classic&quot;}">
				</div>
		<div class="elementor-element elementor-element-cc18378 e-con-full e-flex e-con e-parent" data-id="cc18378" data-element_type="container">
		<div class="elementor-element elementor-element-6b6f0a1 e-con-full e-flex e-con e-child" data-id="6b6f0a1" data-element_type="container">
				<div class="elementor-element elementor-element-8f80cfe elementor-widget elementor-widget-text-editor" data-id="8f80cfe" data-element_type="widget" data-widget_type="text-editor.default">
				<div class="elementor-widget-container">
									<p><strong>NASZE WARTOŚCI</strong></p><p>Gdy moi Rodzice zakładali Pracownię 37 lata temu nie wiedzieli, co przyniesie przyszłość i z jakimi zmianami kulturowymi, gospodarczymi i historycznymi przyjdzie im się zmierzyć. Wtedy chcieli projektować i wytwarzać kolorowe, ciekawe w formie i wygodne ubrania, których wszystkim brakowało. Rodzice zawsze uznawali się za prawdziwych rzemieślników, których fascynowały ubrania unikatowe, z charakterem, ręcznie szyte. Ponad wszystko jednak rzetelnie wykonane, z zachowaniem prawideł sztuki krawieckiej, tradycyjnymi, pracochłonnymi metodami i mnóstwem włożonego serca, a jednocześnie w sposób przyjazny środowisku. Dlatego też, w naszej Pracowni nie ma drogi na skróty i każdy nasz płaszcz to rzemieślnicza perełka, dzieło naszych rąk. Podchodzimy indywidualnie do każdego produktu, zaczynając od ręcznie układanego wykroju, by powstał jak najmniejszy odpad, a kończąc na ostatecznym dopieszczeniu produktu poprzez ręczne przyszywanie guzików czy aplikacji.</p><p>Zatem kiedy zadajecie sobie pytanie: Kto uszył mój płaszcz, moje ubranie? (<strong>Who Made My clothes?</strong>) Pamiętajcie: Uszyliśmy go dla Was i z myślą o Was i włożyliśmy w niego całe nasze serce.</p><p>Wszystkie nasze płaszcze i kurtki, od projektu do gotowego wyrobu, powstają w naszej pracowni w Poznaniu – w naszym drugim domu – w przyjaznych i godnych warunkach w zgodzie z zasadami Fair Trade. I jesteśmy z tego bardzo dumni. Jak inaczej moglibyśmy kochać nasze płaszcze i oczekiwać, iż Wy je pokochacie? Dobra energia wraca.</p><p>Począwszy od produkcji, a skończywszy na dostawie, od początku istnienia Pracowni, działamy przejrzyście i zgodnie z zasadami zrównoważonego rozwoju. Znamy naszych dostawców, wspieramy lokalne firmy i promujemy rodzime rzemiosło. Szyjemy ze starannie przez nas wyselekcjonowanych materiałów pochodzących ze zrównoważonej i przyjaznej środowisku produkcji. <br />W naszej Pracowni wykorzystujemy każdy skrawek materiału. Zgodnie z zasadą Less Waste – u nas nic się nie marnuje lub dostaje drugie życie.</p><p>U nas nawet wysyłka płaszczy do naszych Klientów nie odbywa się przez anonimowe centra logistyki. Tak – wysyłką zajmujemy się sami. Opakowanie – wiemy jak marketingowo ważne jest śliczne opakowanie i często zastanawialiśmy się nad tym, by wprowadzić piękne opakowania, by już sam proces odpakowywania był głębokim doznaniem estetycznym. Celowo jednak, wszystkie nasze opakowania są z drugiego obiegu lub z recyclingu, bez zbędnych wypełniaczy, ozdób i nadruków – nie chcemy zwiększać wycinki drzew i zużycia chemikaliów, kiedy można z powodzeniem wykorzystać to, co zostało już wyprodukowane. Mamy nadzieję, że to zrozumiecie. <br />W Talii wierzymy, że najważniejszy jest Klient, jego oczekiwania oraz bezpośredni kontakt z nim. Właśnie dlatego Rodzicom nie zależało na powiększaniu Pracowni i stracie indywidualnego kontaktu z Klientem. Rodzinny charakter naszej Pracowni jest jedną z najważniejszych zalet i dołożę wszelkich starań, by utrzymać budowany przez lata charakter i klimat. <br />Zawsze kierowaliśmy się zasadami moralnymi i etycznymi, które są dla nas bardzo ważne. Dzięki temu udało nam się przetrwać czasy, gdy rzemiosło powoli odchodziło w niebyt, jeden po drugim zamykały się lokalne zakłady i pracownie, a wszędzie zagościła taśmowa i zautomatyzowana produkcja.</p><p>Dziękujemy, że jesteście z nami i tak jak my cenicie pracę ludzkich rąk. Naszym zdaniem jest ona ważna i nadaje produktom wyjątkowy charakter. A teraz dzięki Internetowi możemy dzielić się naszą pasją, którą są płaszcze, z szerszą publicznością, zarówno w Polsce, jak i za granicą. Promując tym samym polskie tradycyjne rzemiosło i mając nadzieję, że kolejne pokolenia tak, jak my pokochają dzieła ludzkich rąk.</p>								</div>
				</div>
				</div>
				</div>
				</div>

<p>NASZE WARTOŚCI Gdy moi Rodzice zakładali Pracownię 37 lata temu nie wiedzieli, co przyniesie przyszłość i z jakimi zmianami kulturowymi, gospodarczymi i&hellip;</p>

<!-- This site is optimized with the Yoast SEO plugin v25.7 - https://yoast.com/wordpress/plugins/seo/ -->
<title>Nasze wartości - Talia Fashion - zrównoważony rozwój i świadoma moda</title>
<meta name="description" content="Nasze wartości - wszystkie płaszcze powstają w naszym rodzinnym zakładzie krawieckim, w sposób przyjazny dla środowiska. Zrównoważona moda." />
<meta name="robots" content="index, follow, max-snippet:-1, max-image-preview:large, max-video-preview:-1" />
<link rel="canonical" href="https://talia-fashion.pl/en/nasze-wartosci/" />
<meta property="og:locale" content="en_GB" />
<meta property="og:type" content="article" />
<meta property="og:title" content="Nasze wartości - Talia Fashion - zrównoważony rozwój i świadoma moda" />
<meta property="og:description" content="Nasze wartości - wszystkie płaszcze powstają w naszym rodzinnym zakładzie krawieckim, w sposób przyjazny dla środowiska. Zrównoważona moda." />
<meta property="og:url" content="https://talia-fashion.pl/en/nasze-wartosci/" />
<meta property="og:site_name" content="Talia Fashion" />
<meta property="article:modified_time" content="2025-08-23T10:15:43+00:00" />
<meta name="twitter:card" content="summary_large_image" />
<meta name="twitter:label1" content="Estimated reading time" />
	<meta name="twitter:data1" content="3 minutes" />
<script type="application/ld+json" class="yoast-schema-graph">{"@context":"https://schema.org","@graph":[{"@type":"WebPage","@id":"https://talia-fashion.pl/nasze-wartosci/","url":"https://talia-fashion.pl/nasze-wartosci/","name":"Nasze wartości - Talia Fashion - zrównoważony rozwój i świadoma moda","isPartOf":{"@id":"https://talia-fashion.pl/#website"},"datePublished":"2025-01-03T20:04:39+00:00","dateModified":"2025-08-23T10:15:43+00:00","description":"Nasze wartości - wszystkie płaszcze powstają w naszym rodzinnym zakładzie krawieckim, w sposób przyjazny dla środowiska. Zrównoważona moda.","breadcrumb":{"@id":"https://talia-fashion.pl/nasze-wartosci/#breadcrumb"},"inLanguage":"en-GB","potentialAction":[{"@type":"ReadAction","target":["https://talia-fashion.pl/nasze-wartosci/"]}]},{"@type":"BreadcrumbList","@id":"https://talia-fashion.pl/nasze-wartosci/#breadcrumb","itemListElement":[{"@type":"ListItem","position":1,"name":"Strona główna","item":"https://talia-fashion.pl/"},{"@type":"ListItem","position":2,"name":"Nasze wartości"}]},{"@type":"WebSite","@id":"https://talia-fashion.pl/#website","url":"https://talia-fashion.pl/","name":"Talia Fashion","description":"","potentialAction":[{"@type":"SearchAction","target":{"@type":"EntryPoint","urlTemplate":"https://talia-fashion.pl/?s={search_term_string}"},"query-input":{"@type":"PropertyValueSpecification","valueRequired":true,"valueName":"search_term_string"}}],"inLanguage":"en-GB"}]}</script>
<!-- / Yoast SEO plugin. -->

Nasze wartości - Talia Fashion - zrównoważony rozwój i świadoma moda

Nasze wartości - wszystkie płaszcze powstają w naszym rodzinnym zakładzie krawieckim, w sposób przyjazny dla środowiska. Zrównoważona moda.

Strona główna

Nasze wartości
